hat is w(m)?
5
Let p(v) be the second derivative of 4 + v**2 + v**3 - v - 5/12*v**4 - 1/20*v**5. Let d = -1 + -5. What is p(d)?
2
Let k(q) = 7*q**2 + 26*q - 24. Let c(t) = 19*t**2 + 73*t - 73. Let z(h) = -3*c(h) + 8*k(h). Give z(-13).
1
Let m(o) = -o + 6. Let r(q) = -3*q - 10. Let a(v) = -v - 1. Let x(b) = -5*a(b) + r(b). Let d(w) = -3*m(w) - 2*x(w). Suppose -4 = 4*j - 4. Determine d(j).
-8
Suppose -4*a - 2*g = -4, a + 20 = 2*g + 31. Suppose 2*x - 4*k + 3*k - 21 = 0, k - 57 = -4*x. Let f(h) = -x + 9 - 8*h**2 + 3 - 3*h - h**a + 8. Give f(-7).
-21
Let b(z) = -5*z + 56. Suppose 116*x - 111*x + 75 = 5*k, -2*x = k. Calculate b(k).
6
Let v be (12 - 28)/64 + 13/4. Let x(c) = -37*c + 93. Calculate x(v).
-18
Let q(f) = 2*f + 6. Suppose 0 = -2*v - 2, -3*b + 402 = 25*v - 22*v. Let h = b - 139. Determine q(h).
-2
Let u(d) = -d**3 - 2 - 165283*d**2 + 82644*d**2 + 22*d + 82630*d**2. Calculate u(-11).
-2
Let w = -227 + 224. Let k(i) = 7 - 1 - 5 + 2*i - i**2 + 0 - 4*i. What is k(w)?
-2
Suppose -2*z - 2*z = 12. Let k(l) be the first derivative of -61 + 2*l - 1/3*l**3 + 0*l**2. Give k(z).
-7
Let d(a) = 20*a - 20. Suppose 4*w + 1 = 5*k, 3*w + 54*k = 50*k + 7. Calculate d(w).
0
Let j(l) = 13*l + 185. Let x be j(-14). Let i(b) = -b**3 + 2*b**2 + 5*b - 10. Give i(x).
-4
Let w be (-512)/(-80) + (-8)/(-5). Suppose 3*f + 2*s + 1 - w = 0, -2*f = -4*s - 26. Let b(c) = -c**3 + 5*c**2 - 3. Determine b(f).
-3
Let q(c) = 4*c**2 - 3*c + 2. Suppose 0 = -0*m - 4*m + 28. Suppose m*n = -7 + 21. Determine q(n).
12
Let w(s) = -7*s**3 + 2*s. Let f = 3122 + -3123. Give w(f).
5
Let w = 1659 + -1655. Suppose 5*g - 53 = 97. Suppose h - g = -w*h. Let o(r) = -2*r + 9. Give o(h).
-3
Let b(n) = 3*n - 21. Let r be 13/1 - (125/20 + (-1)/4). Determine b(r).
0
Suppose s = 5*u - 27, -3*s + 2*s - 17 = -3*u. Let v(q) = -2*q + 6. Let h be v(s). Let a(j) = -j**2 + 13*j - 23. Give a(h).
7
Let r be ((-10)/(-15))/((-78)/27 + 3). Let d be (-7 + r - -7)*6/4. Let o(j) = j**3 - 9*j**2 + 3*j - 11. Calculate o(d).
16
Suppose -5*n - 1653 = -4*w + 168, 5*w - 742 = 2*n. Let j = n - -373. Let h(o) = -o**2 + 11*o + 2. What is h(j)?
-10
Let f(d) = -d**2 + 2*d + 25. Let y be 71/12 + ((-5543)/(-276) - 20). What is f(y)?
1
Let g(v) = v**3 - 14*v**2 - 9*v + 3. Let r(p) = -p**3 + 13*p**2 + 8*p - 4. Let k(o) = 5*g(o) + 6*r(o). Suppose -412 = -28*l + 343 - 531. Determine k(l).
15
Let m(c) = -22*c**2 - 32*c - 23. Let y = -72 + 81. Let w(j) = 5*j**2 + 8*j + 6. Let g(o) = y*w(o) + 2*m(o). Let i be g(-6). Let b(q) = 2*q + 4. Give b(i).
-4
Let n(b) = 197*b - 46. Let g(d) = -69*d + 14. Let c(u) = 17*g(u) + 6*n(u). Give c(-18).
-200
Let b(n) = -2 - 3*n**2 + 12*n**3 - 14*n**3 + 5*n**2 + 3*n. Suppose 1 = -t - 3*g, -95*g + 3 = -t - 100*g. Give b(t).
-4
Let p(z) = 3*z - 2. Suppose q = -41 - 2. Let m = q - -48. Suppose -m*t - 46 = 2*f - 15, 5*t + 34 = -3*f. Calculate p(f).
-11
Let y(o) = 5*o - 6 - 4*o**2 - 9*o**2 - 4*o**2 + 18*o**2 - 2*o**2. Let r = 21 - 16. Suppose -4*a + 41 = -2*w - 3*w, -2*a - r*w = 17. Give y(a).
-2
Let f(b) = b**2 - b - 1. Let h be (-5)/(-2)*16/(-20). Let c(l) = -l**2 + 7*l + 6. Let d(p) = h*f(p) - c(p). Let k = 12 - 16. Determine d(k).
0
Suppose 15 = -3*l, l - 151 = -5*d + 214. Suppose 0 = 5*p + 3*m + 335, 3*p - 6*p - 3*m = 195. Let v = d + p. Let z(f) = 3*f - 3. Determine z(v).
9
Let x(h) = 93*h**2 + 80*h**2 + 2*h - 31*h**3 - 1 + 76*h**2 - 250*h**2. Let l = -4 + 5. Determine x(l).
-31
Let p(a) = 33*a**2 - 62*a - 3. Let t be (-10)/25*3/(30/(-50)). Determine p(t).
5
Let z(b) = b + 2. Let v be (-5 - -5)*(-5)/(-10). Suppose r + 9 = s - 1, -s - 5*r + 4 = v. Calculate z(s).
11
Let o(r) = -7*r - 4 + 8*r + r**2 + 0*r - 3*r. Suppose 7*b - 11*b = b - 15. Calculate o(b).
-1
Let x(y) = 3*y + 20. Suppose -24*k + 2*z - 29 = -29*k, k = -5*z + 15. What is x(k)?
35
Let b(x) = 2*x - 4. Let g(s) = -s + 33. Let d be g(15). Let r be (-493)/(-9) + (-10)/(-45). Suppose r*c = 52*c + d. Calculate b(c).
8
Let o(l) = l - 21. Suppose 699*k - 152 = 680*k. Give o(k).
-13
Let q(g) be the third derivative of -g**4/24 - 5*g**3/3 + 59*g**2 - 22*g. Let t be 9/12*1*4. Suppose 5*u + 12 = 3*h - 36, 0 = -5*u - t*h - 42. Determine q(u).
-1
Let f(j) be the third derivative of 29*j**4/8 - 263*j**3/3 + 4273*j**2. Determine f(6).
-4
Let j(s) be the third derivative of s**6/120 + 3*s**5/10 - s**4/6 - 13*s**3/2 + 5481*s**2. Determine j(-18).
33
Suppose 4*r - 4*b = -132, r + 326*b - 328*b = -35. Let t(o) = -2*o - 82. Calculate t(r).
-20
Suppose -5*q + 42 = 4*x - 94, 2*x = 5*q + 68. Suppose -35*s = -x*s - 55. Let t(d) = -7*d - d**3 + 2 - 48*d**2 + 6 + d + s*d**2. What is t(6)?
8
Let o(z) = -z**2 - 37*z - 250. Let k be o(-28). Let b(p) = -p**2 - p + 4. Let i(y) = -y**2 - y + 5. Let x(f) = -6*b(f) + 5*i(f). Give x(k).
7
Let p(n) = 2*n**3 + 35*n**2 + 22*n + 77. Suppose -11*b - 188 = -w, 2*w = -155*b + 152*b - 49. What is p(b)?
-8
Let g(l) = -l**2 - 18*l + 17. Let m(f) = -2*f**3 + 171*f**2 + 269*f - 705. Let i be m(87). Give g(i).
98
Let u(d) be the third derivative of d**4/8 + 18*d**2. Let m(b) be the third derivative of b**6/120 - 11*b**5/60 - b**3/6 + 3*b**2. Let i be m(11). Give u(i).
-3
Let w(l) = l**3 + 5*l**2 + 5*l - 3. Suppose -3*x = 9, 2*k - x + 2*x - 41 = 0. Suppose -4*o = -4*q - 24, -2*o + k = -5*q + q. What is w(q)?
-28
Let x(y) = 2*y**3 - 13*y**2 + 6*y + 5. Let r = 22 + -16. Let k be x(r). Suppose 0*t - 4*t + 14 = -m, -k*m = 5*t + 20. Let d(n) = n**2 + 6*n - 2. Give d(m).
-2
Let n = -133 - -136. Let p(c) = -16*c + 9*c**2 - 2*c**2 + 1 + 5*c + c**n + 6*c. Determine p(-8).
-23
Let g = 761 - 750. Let o(z) = -z + 1. Let m(f) = -2*f + 11. Let q(u) = m(u) - o(u). Determine q(g).
-1
Let a(d) = -d - 7. Let n be a(-5). Let w = -34 - -37. Let c(k) = 15 - 26 - 2*k + 9 - w*k**2 + 5*k**2. Give c(n).
10
Let f(o) = 9*o**3 - o**2 - 13*o - 23. Let s(v) = 5*v**3 - 7*v - 12. Let t(a) = 6*f(a) - 11*s(a). Let i = -81 - -85. Let x be (3/i)/((-5)/40). Give t(x).
0
Let r(q) = -q**3 - 5*q**2 - 3. Let o be r(-5). Let f(k) be the second derivative of 1/20*k**5 - 106*k + k**2 + 1/2*k**3 + 0 + 1/3*k**4. What is f(o)?
2
Let u(n) be the first derivative of 9/2*n**2 - 1/3*n**3 - 3*n - 66. What is u(7)?
11
Suppose r + 14 = 3*w, -3*w + 3 + 3 = 3*r. Suppose 3*k - n = 18, w*n = -k + 9 + 10. Let f(j) = 3*j + j**2 - 9*j - 5 + 0 - 5. Determine f(k).
-3
Let u(g) be the second derivative of g**5/20 + g**4/2 + g**3 + 2*g**2 + 8*g. Let f = -2173 + 2168. Calculate u(f).
-1
Let g(l) = -7*l - 76. Let k(s) = 15*s + 175. Let v(w) = 9*g(w) + 4*k(w). Determine v(14).
-26
Let t(y) = 28*y - 2. Let m(p) = -329*p + 23. Let z(d) = -2*m(d) - 22*t(d). Calculate z(0).
-2
Let f = -37 - -51. Suppose 2*g = -5*g + f. Let m(k) = 1173*k + 6 - 3*k**2 - 1167*k + 2*k**g. What is m(6)?
6
Let x(q) = 2*q**2 + q - 2. Let w(v) = 4*v**2 + v - 2. Let h be (16/(-5) - -2)/((-3)/10). Let s be 2/(-3)*-6*1/h. Let o be w(s). What is x(o)?
19
Let o be (-72)/168 + 48/14. Let t(l) = 5*l**3 + 11*l**2 + l + 3. Let h(q) = 3*q**3 + 7*q**2 + q + 2. Let u(x) = 8*h(x) - 5*t(x). Give u(o).
-8
Let r(k) = -4*k**2 - 11*k + 19. Let o(y) = y**3 - 48*y**2 + 95*y - 142. Let z be o(46). Give r(z).
-1
Let v be 6/(-10) - 54/10. Let g(y) = -3*y**3 + y**2 - y + 1. Let x(b) = -16*b**3 - 1. Let f(k) = -5*g(k) + x(k). Give f(v).
0
Let p(k) = -3*k + 52. Let v be p(9). Suppose -2*r + 0*r = -b - 11, -4*r + b = -v. Let n(f) = f**3 - 8*f**2 + 6*f - 8. Determine n(r).
-15
Let n be (-3*(-1)/9)/(79/237). Let q(g) = 12*g**3 - 2*g**2 - 4*g + 5. What is q(n)?
11
Let r(h) be the second derivative of 0 + 1/20*h**5 + h**2 - 14*h - 1/6*h**3 - 1/12*h**4. Calculate r(0).
2
Let o(p) = 45*p**2 - 3 - p + 2 + 45*p**2 + 0 - 89*p**2 + 3*p**3 + 8*p**3. Suppose 0 = -2*d - 2*d + 64. Suppose -r + 4*g = 5*g - 3, 4*g = d. Calculate o(r).
-10
Let c(b) = -b**3 - 4*b**2 + 5*b + 6. Let n = -13 - -38. Suppose -23*z = -18*z + n. Calculate c(z).
6
Let f = 2320 - 1643. Let i = 690 - f. Let y(g) = -g**3 + 12*g**2 + 13*g - 11. Determine y(i).
-11
Suppose 368*z + 215*z - 43*z = -1080. Let c(j) = j + 2. Let r(x) = x. Let h(a) = -c(a) - 4*r(a). Determine h(z).
8
Let a = -521 - -524. Suppose -3*r - 3*l = 6, 5*l - 7*l = -a*r - 16. Let i(q) = 2 + 7*q - 3*q + q**2 - 4. Give i(r).
-2
Suppose -2*a = 5196 - 5186. Let i(x) = -2*x - 16. What is i(a)?
-6
Let c(y) = -7*y + 56. Let t be c(8). Suppos